and 25417.
7
Calculate the greatest common divisor of 23338 and 14.
14
What is the highest common factor of 250 and 507150?
50
Calculate the highest common factor of 44016 and 192.
48
What is the greatest common divisor of 69270 and 720?
30
Calculate the greatest common divisor of 1377 and 178143.
51
What is the highest common factor of 2380 and 22820?
140
Calculate the greatest common divisor of 8282 and 72922.
202
What is the highest common divisor of 1732848 and 3120?
624
What is the highest common divisor of 35 and 17?
1
What is the highest common divisor of 1320062 and 138?
46
What is the highest common divisor of 24 and 419216?
8
What is the highest common divisor of 620 and 245892?
124
Calculate the highest common divisor of 163 and 96659.
163
What is the highest common divisor of 11066 and 2398?
22
What is the greatest common factor of 1284 and 44904?
12
What is the greatest common divisor of 1946 and 118150?
278
What is the highest common divisor of 363 and 50336?
121
What is the greatest common divisor of 356 and 44233?
89
What is the highest common divisor of 2110 and 2580?
10
What is the highest common divisor of 450 and 6066?
18
Calculate the greatest common factor of 648 and 1979316.
324
What is the greatest common factor of 1582 and 1288?
14
Calculate the greatest common divisor of 12505 and 5125.
205
What is the greatest common factor of 2058726 and 19?
19
What is the greatest common divisor of 37 and 316054?
37
What is the highest common divisor of 2565 and 7155?
135
What is the greatest common factor of 86 and 393407?
43
Calculate the highest common divisor of 10 and 19598.
2
What is the highest common divisor of 161506 and 138?
46
Calculate the highest common divisor of 624148 and 14.
14
What is the highest common divisor of 19 and 409621?
19
What is the highest common divisor of 4965 and 3585?
15
Calculate the highest common factor of 358032 and 272.
16
What is the highest common factor of 50947 and 65?
13
What is the highest common divisor of 285 and 337535?
95
What is the greatest common divisor of 1360 and 276216?
136
What is the greatest common divisor of 35432 and 6880?
344
What is the greatest common divisor of 29557 and 99?
11
Calculate the greatest common divisor of 214354 and 4270.
854
What is the greatest common factor of 1173 and 3036?
69
What is the greatest common divisor of 182 and 216034?
182
What is the greatest common factor of 9600 and 1080?
120
Calculate the greatest common factor of 284 and 52114.
142
Calculate the highest common divisor of 1260 and 10892.
28
What is the highest common factor of 14 and 202474?
2
What is the highest common divisor of 6449130 and 1094?
1094
Calculate the highest common divisor of 548724 and 24.
12
Calculate the highest common divisor of 2275 and 1225.
175
What is the highest common divisor of 3150 and 23150?
50
What is the highest common factor of 94 and 163654?
94
Calculate the greatest common factor of 107 and 299921.
107
Calculate the highest common divisor of 1987326 and 198.
198
What is the highest common factor of 52245 and 1620?
405
Calculate the highest common factor of 2668 and 232.
116
Calculate the highest common divisor of 28292 and 143.
11
What is the greatest common factor of 1660 and 380?
20
Calculate the greatest common divisor of 198900 and 40.
20
Calculate the greatest common factor of 4644788 and 404.
404
What is the highest common divisor of 138 and 1293336?
138
Calculate the greatest common divisor of 3328 and 6916.
52
Calculate the highest common factor of 350 and 76825.
175
Calculate the highest common factor of 4411 and 1991.
11
What is the greatest common factor of 104765 and 575?
115
Calculate the highest common divisor of 213278 and 338.
338
What is the highest common factor of 98 and 198030?
14
What is the highest common factor of 249856 and 61?
61
What is the greatest common divisor of 1537 and 2491?
53
Calculate the highest common divisor of 3 and 32911.
1
Calculate the greatest common factor of 18331 and 1587.
23
Calculate the highest common divisor of 753988 and 5825.
233
Calculate the highest common divisor of 10400 and 793.
13
Calculate the greatest common divisor of 32475 and 13423.
433
Calculate the greatest common factor of 144 and 10278.
18
What is the highest common factor of 1539 and 110637?
171
What is the highest common factor of 72862 and 34?
34
Calculate the greatest common factor of 8082 and 299932.
898
What is the highest common factor of 29680504 and 119?
119
Calculate the greatest common divisor of 7740 and 1151110.
430
Calculate the highest common divisor of 336 and 49672.
56
Calculate the greatest common divisor of 79510 and 70.
10
What is the highest common divisor of 3842 and 271426?
226
Calculate the highest common factor of 140 and 20510.
70
Calculate the greatest common divisor of 713 and 7613.
23
What is the highest common factor of 656 and 28700?
164
Calculate the highest common divisor of 1240 and 775.
155
What is the greatest common divisor of 107 and 186929?
107
What is the highest common factor of 7102 and 3922?
106
What is the greatest common factor of 200 and 322112?
8
What is the highest common factor of 8390 and 110?
10
Calculate the greatest common divisor of 390 and 191334.
78
Calculate the highest common divisor of 199902 and 6.
6
Calculate the greatest common divisor of 1261866 and 114.
114
Calculate the highest common divisor of 2829 and 1932.
69
What is the highest common divisor of 72 and 94896?
72
What is the greatest common divisor of 234 and 24076?
26
Calculate the greatest common factor of 80 and 2776040.
40
What is the highest common divisor of 856 and 272743?
107
Calculate the highest common divisor of 663643 and 1752.
73
What is the highest common divisor of 403 and 81146?
13
What is the greatest common factor of 80784 and 1746?
18
What is the highest common divisor of 291205 and 16760?
2095
Calculate the greatest common factor of 665 and 9842.
133
Calculate the highest common divisor of 244 and 1375001.
61
Calculate the greatest common factor of 35618 and 44.
22
What is the greatest common factor of 162306 and 35433?
1143
Calculate the highest common divisor of 15895 and 55.
55
Calculate the highest common factor of 48310 and 90.
10
What is the greatest common factor of 1070928 and 402?
402
Calculate the highest common factor of 26 and 72514.
26
Calculate the greatest common divisor of 69 and 207.
69
What is the highest common factor of 522 and 7767?
9
Calculate the highest common divisor of 996 and 9168.
12
What is the greatest common factor of 8321849 and 307?
307
Calculate the highest common factor of 858 and 156.
78
What is the highest common factor of 2262 and 1989?
39
Calculate the greatest common factor of 11578 and 4487302.
1654
Calculate the greatest common factor of 3108 and 4514.
74
Calculate the highest common factor of 1497 and 141.
3
What is the greatest common factor of 230 and 9706?
46
Calculate the greatest common divisor of 217 and 350021.
217
What is the greatest common factor of 232 and 1363?
29
Calculate the greatest common factor of 9570 and 7425.
165
What is the highest common divisor of 118420 and 589?
31
Calculate the greatest common divisor of 212 and 341108.
212
Calculate the highest common factor of 1271036 and 104.
52
Calculate the greatest common divisor of 120250 and 740.
370
What is the highest common factor of 6399 and 1620?
81
What is the greatest common factor of 882604 and 233?
233
Calculate the greatest common factor of 43281 and 819.
63
Calculate the greatest common divisor of 494732 and 28.
28
Calculate the greatest common factor of 147554 and 57.
19
Calculate the greatest common factor of 275 and 700.
25
Calculate the greatest common divisor of 26 and 653822.
26
Calculate the greatest common factor of 217090 and 90.
10
What is the highest common factor of 27 and 3738177?
27
Calculate the greatest common factor of 30 and 120885.
15
Calculate the greatest common divisor of 2656 and 53950.
166
Calculate the greatest common divisor of 2060 and 1286470.
1030
Calculate the highest common factor of 58 and 518810.
58
Calculate the highest common divisor of 20 and 147130.
10
What is the greatest common divisor of 801 and 176487?
267
What is the highest common